*h + 133. What is the highest common factor of s and h?
28
Suppose 0 = -38*t + 2279 + 647. What is the highest common factor of 49 and t?
7
Let c = -315 - -329. Let x be 40 - 1*(-3 + 1). What is the highest common factor of x and c?
14
Let q be (-1)/(2/(-4)) - 36. Let i = q - -132. Calculate the highest common divisor of 28 and i.
14
Suppose x = -5*r + 26, 0 = 2*x + r + 2*r - 87. Suppose 4*k + x = 7*k. Calculate the highest common divisor of 85 and k.
17
Let n be (7 + -19)*(5/(-2))/1. Let a = 43 - n. What is the greatest common factor of a and 13?
13
Let c(x) = -x + 35. Let p be c(-19). What is the greatest common factor of 72 and p?
18
Let p be 4 + (-42)/10 - (-552)/60. Calculate the greatest common factor of p and 42.
3
Let w = -35 + 47. Calculate the highest common divisor of w and 28.
4
Let c be ((-28)/(-8))/7 - (-783)/58. What is the greatest common factor of c and 14?
14
Let w(b) = -1 + 8*b**2 - 2*b**3 + 3*b**3 + 3 - 2*b. Let m be w(-8). Suppose -3*a + 48 = m. Calculate the greatest common factor of a and 50.
10
Let z(n) = 10*n - 84. Let a be z(10). Let s be (-214)/(-9) + 2/9. Calculate the greatest common divisor of a and s.
8
Let r(z) = 11*z - 79. Let a(p) = -5*p + 39. Let q(x) = 7*a(x) + 3*r(x). Let f be q(6). What is the greatest common factor of 3 and f?
3
Suppose -27*v = -471 - 582. Calculate the highest common factor of 702 and v.
39
Let c = -147 - -166. What is the greatest common factor of c and 152?
19
Let i be (-10)/3*27/(-45)*8. What is the greatest common factor of 144 and i?
16
Let u(h) = -h**3 - 6*h**2 + 5*h + 10. Let p be u(-7). What is the highest common factor of 168 and p?
24
Let x be (-23)/(-4) + (-1)/(-4). Suppose u = -6 + 8. Suppose -u*b + 7*b - 240 = 0. What is the greatest common divisor of b and x?
6
Let d be 10/(-6)*(-3 + -9). Let m be 5/3 - 1/(-3). Suppose 54 = 5*l + 2*a, m*l + a + 5 = 27. Calculate the greatest common divisor of d and l.
10
Suppose 0 = -17*s - s + 1188. Calculate the highest common factor of s and 33.
33
Suppose 0 = -2*s, 9 = -0*w + 3*w - 5*s. Suppose 4*j - 5*i - 443 = 0, w*i - 2*i + 223 = 2*j. Calculate the highest common factor of 16 and j.
16
Suppose 6 = 2*t, -5*w + 12*t + 1616 = 14*t. What is the highest common divisor of 28 and w?
14
Let n be 21/2 + -6 + (-75)/(-10). Let p(s) = s**3 - 4*s**2 + 5*s - 3. Let w be p(3). Calculate the highest common divisor of n and w.
3
Let q(a) = 4*a**3 + 3*a**2 + 11*a - 12. Let g be q(3). Calculate the greatest common factor of 12 and g.
12
Let a(o) = 12*o - 62. Let g be a(12). What is the greatest common factor of g and 287?
41
Let h(g) = g**3 + 11*g**2 - 7*g - 26. Let i be h(-11). Suppose -y = -6*y - 25. Let z = i - y. Calculate the greatest common divisor of 8 and z.
8
Let n(p) = -p**2 + 7*p + 10. Let y be n(8). Let w be (3 - y)*32 + -1. Suppose q - 236 = 105. What is the highest common divisor of w and q?
31
Let r be 447/21 - 10/35. Let h = r - 17. Suppose -h*c + b + 20 = -3*b, 16 = 4*c - 5*b. Calculate the greatest common divisor of 9 and c.
9
Let p(l) = l**3 + 13*l**2 + 20*l - 6. Let f be (-2 + 11 - (-4)/2)/(-1). Let s be p(f). What is the greatest common divisor of 8 and s?
8
Let z be 13536/168 - 8/14. What is the highest common divisor of z and 8?
8
Suppose 22*d - 33*d = -825. Calculate the greatest common factor of d and 15.
15
Suppose o - 6 = 12. Let q be (-18)/(4*(-2)/92). Let d = q - 63. What is the greatest common factor of d and o?
18
Let a be 297/45 - 24/40. Calculate the greatest common divisor of a and 150.
6
Let s be (-1)/((-2)/(-6))*-1. Suppose -s*w = -94 - 29. Let n = w - 25. What is the greatest common divisor of n and 2?
2
Suppose h + 0*h - 9 = 0. Let d = -2 - -6. Suppose 0 = -2*p - d*j + 68, p - 17 = -5*j + 14. What is the greatest common factor of h and p?
9
Let g be (-39)/3*-14 - -2. Suppose -3*k + g = -k. Calculate the highest common factor of 23 and k.
23
Suppose -l - 17 = 2*t, -5*t + 3*l + 24 = 72. Let p be 4 + t/((-27)/78). What is the greatest common factor of 75 and p?
15
Let q be 5/((-240)/(-18)) - (-14778)/144. Calculate the highest common divisor of 1 and q.
1
Suppose 0 = 95*p - 100*p - 35. Let x(g) = -g**3 + 4*g**2 + 2*g - 1. Let r be x(3). Let q = r + p. Calculate the greatest common divisor of 21 and q.
7
Suppose 0 = -5*x + 10, 4*q + 9 = 3*x - 21. Let j be 27 + q - 1/((-1)/(-2)). Calculate the highest common divisor of 171 and j.
19
Let n(f) = -f**3 + 9*f**2 - 13*f - 11. Let l be n(6). Calculate the greatest common divisor of l and 133.
19
Let z be 122/(-793) - (-3904)/26. Calculate the greatest common divisor of 90 and z.
30
Let w = 720 + 229. What is the highest common factor of 13 and w?
13
Let x = 10804 - 15331. Let d be 2 + -2 - -3 - x. Let o be d/130 + (-2)/(-13). What is the greatest common factor of o and 210?
35
Suppose 20 = -2*m + 372. Let v(a) = 5*a**3 + 2*a**2 + a - 6. Let i be v(2). What is the highest common factor of m and i?
44
Suppose 512 = -31*y + 35*y. Calculate the highest common divisor of y and 48.
16
Let k be (-6)/(3 - 5) + 0. Suppose 3*o + 18 = 3*y, -4*y + 3*o = -3*y - 10. What is the highest common factor of k and y?
1
Let y = 26 + -44. Let p be (-4)/18 + (-1984)/y. Suppose 0*s + 4*s - 4*t - 20 = 0, 25 = 5*t. Calculate the highest common factor of p and s.
10
Let q = 49 - 29. Let s(f) = -11*f - 5. Let k be s(-3). Suppose 23*u - k*u + 700 = 0. What is the highest common factor of q and u?
20
Suppose 3*n = -22 + 106. Suppose 28 = k - n. Let z be 14/k - 126/(-8). What is the highest common divisor of 64 and z?
16
Let o(b) = 12*b**2 + 2*b - 6. Let c be o(4). Suppose p + 5*p = 636. Suppose 5*f = p + c. What is the greatest common divisor of 12 and f?
12
Suppose -2*l + 8*k - 5*k = 42, -98 = 5*l - 4*k. Let z = -163 - -157. Let w = z - l. Calculate the highest common divisor of w and 18.
6
Suppose -k - y + 17 = 0, 4*k - 3*y + y = 38. Calculate the highest common factor of 42 and k.
6
Let b be 9/2*(-1 + 3). Suppose -15 = 3*q + 5*n, -4*q + b*q + 41 = -3*n. Let x(v) = -v + 6. Let y be x(q). What is the highest common divisor of 32 and y?
16
Let k = 2041 + -2017. Let f = -19 + 35. What is the greatest common factor of f and k?
8
Let i = -201 + 233. Suppose 0 = -4*o - 7 - 1, 2 = 4*z - 3*o. Let x = i - z. Calculate the greatest common divisor of 66 and x.
33
Let v be 3 + 34 - (0 - -4). Let r be (-4)/6 + 616/v. Suppose -24 = -2*x - 0*x. What is the highest common divisor of r and x?
6
Suppose -6*p = 46 - 58. Calculate the highest common divisor of p and 14.
2
Let h be ((-37)/4)/((-1)/4). Let u(g) = -g**3 + 9*g**2 + 31*g - 16. Let k be u(8). What is the greatest common divisor of k and h?
37
Let l = -87 + 106. Let k be 38 + (-2 - 2) + 4. Calculate the highest common divisor of k and l.
19
Let v = 279 + -267. What is the greatest common factor of 1536 and v?
12
Let k = -658 + 672. Suppose 3*a - 3*s = 30 + 36, 0 = 3*a + 4*s - 59. What is the greatest common divisor of a and k?
7
Suppose -4*c - 884 = -17*c. What is the greatest common factor of 34 and c?
34
Let z be -1*(9 + -4 - 13). What is the greatest common divisor of 36 and z?
4
Let f = 404 + 163. Calculate the highest common factor of f and 42.
21
Let x be 5/(-1)*(2 + 1). Let r be ((-24)/(-10))/(2/x). Let h = 22 - r. Calculate the highest common factor of h and 4.
4
Let t = -70 - -116. Let r = -26 + t. What is the greatest common divisor of r and 100?
20
Suppose -1337 = -4*x - 3*g, -4*g - 50 = 3*x - 1051. What is the greatest common factor of x and 201?
67
Let j be (90/(-24))/(2/(-8)). Let r = -14 + j. Suppose -4 = -3*s + 11. Calculate the highest common factor of s and r.
1
Suppose 1055 = 4*a - 4*g - 685, 0 = a - 5*g - 415. What is the highest common divisor of a and 352?
88
Let b be (16 - (4 + -1)) + -4. Let c(m) = -m - b + 21 + 19. Let t be c(13). Calculate the highest common factor of 45 and t.
9
Let v(j) = 5*j - 40. Let a = -13 + 35. Let w be v(a). What is the highest common divisor of w and 42?
14
Let c(u) = 9*u - 47. Let i be c(13). Let z(b) = -b**3 - 7*b**2 + 2*b**3 + 2 + 0*b + 4*b + 4*b. Let l be z(6). What is the highest common divisor of l and i?
14
Suppose 45 = -5*n - 175. Let j = n - -156. Calculate the highest common divisor of j and 7.
7
Let k be (-19 - -18) + (-13088)/(-8). Calculate the greatest common divisor of k and 15.
15
Let q(i) =